iple of 17?
True
Does 81 divide 21627?
True
Is 5 a factor of 1820?
True
Does 14 divide 6510?
True
Is 2536 a multiple of 77?
False
Is 18458 a multiple of 12?
False
Is 20 a factor of 2500?
True
Does 21 divide 1618?
False
Is 1733 a multiple of 13?
False
Is 20 a factor of 486?
False
Is 52560 a multiple of 18?
True
Is 1214 a multiple of 4?
False
Is 89 even?
False
Does 73 divide 5037?
True
Is 18 a factor of 1680?
False
Is 3135 a multiple of 19?
True
Is 160 a multiple of 9?
False
Is 3645 a multiple of 39?
False
Is 18 a factor of 126?
True
Is 4 a factor of 2613?
False
Is 38766 a multiple of 6?
True
Is 1292 a multiple of 76?
True
Is 54372 a multiple of 23?
True
Does 5 divide 1265?
True
Does 133 divide 399?
True
Is 35 a factor of 37100?
True
Is 5 a factor of 13845?
True
Is 22180 a multiple of 31?
False
Is 57034 a multiple of 31?
False
Does 12 divide 791?
False
Is 32256 a multiple of 12?
True
Is 915 a multiple of 9?
False
Is 506 a multiple of 68?
False
Is 12 a factor of 18299?
False
Is 10305 a multiple of 15?
True
Does 17 divide 2370?
False
Is 106 a factor of 1580?
False
Does 26 divide 16172?
True
Is 99 a factor of 2673?
True
Does 8 divide 965?
False
Is 4 a factor of 1216?
True
Does 5 divide 1090?
True
Is 442 a multiple of 34?
True
Does 85 divide 510?
True
Is 54 a factor of 648?
True
Does 106 divide 1908?
True
Is 12 a factor of 768?
True
Is 222 a multiple of 3?
True
Does 12 divide 1056?
True
Is 37769 a multiple of 24?
False
Does 8 divide 61856?
True
Is 57 a factor of 48564?
True
Is 6 a factor of 108?
True
Is 19 a factor of 974?
False
Does 13 divide 13?
True
Does 35 divide 813?
False
Is 9152 a multiple of 8?
True
Is 24 a factor of 1349?
False
Does 27 divide 14607?
True
Is 10 a factor of 2020?
True
Is 6 a factor of 192?
True
Does 30 divide 5100?
True
Is 2590 a multiple of 7?
True
Is 68 a factor of 724?
False
Is 17 a factor of 17286?
False
Is 47 a factor of 517?
True
Is 10 a factor of 8760?
True
Is 495 a multiple of 55?
True
Does 93 divide 651?
True
Does 29 divide 7626?
False
Does 13 divide 77?
False
Is 368 a multiple of 23?
True
Is 4238 a multiple of 26?
True
Is 16 a factor of 5968?
True
Does 36 divide 34660?
False
Is 2 a factor of 155?
False
Does 66 divide 12276?
True
Is 15 a factor of 20311?
False
Is 4 a factor of 11?
False
Is 26 a factor of 5148?
True
Is 2911 a multiple of 29?
False
Does 3 divide 2116?
False
Is 10 a factor of 20?
True
Does 20 divide 480?
True
Is 59325 a multiple of 339?
True
Does 8 divide 230?
False
Is 1718 a multiple of 10?
False
Is 2744 a multiple of 28?
True
Does 91 divide 19368?
False
Does 6 divide 182?
False
Is 105318 a multiple of 57?
False
Does 6 divide 21444?
True
Is 8537 a multiple of 114?
False
Is 14 a factor of 257?
False
Is 33456 a multiple of 204?
True
Is 24 a factor of 8854?
False
Is 24 a factor of 7728?
True
Is 185 a factor of 925?
True
Is 30 a factor of 5460?
True
Is 22 a factor of 67958?
True
Is 8 a factor of 2232?
True
Is 6 a factor of 806?
False
Does 14 divide 714?
True
Is 3124 a multiple of 142?
True
Is 10 a factor of 54?
False
Is 24 a factor of 22617?
False
Is 8242 a multiple of 11?
False
Is 25 a factor of 225?
True
Is 6205 a multiple of 65?
False
Is 204 a multiple of 17?
True
Is 21 a factor of 8505?
True
Is 16 a factor of 378?
False
Does 13 divide 19295?
False
Is 13 a factor of 5433?
False
Does 134 divide 2412?
True
Is 11 a factor of 1290?
False
Does 13 divide 49507?
False
Does 3 divide 1587?
True
Is 1159 a multiple of 61?
True
Does 126 divide 8946?
True
Does 21 divide 23037?
True
Is 140 a multiple of 28?
True
Is 9 a factor of 531?
True
Is 11 a factor of 495?
True
Is 477 a multiple of 48?
False
Does 3 divide 128?
False
Does 13 divide 1229?
False
Does 12 divide 110577?
False
Is 144 a multiple of 16?
True
Is 3 a factor of 1198?
False
Is 7 a factor of 93775?
False
Is 59 a factor of 1395?
False
Does 178 divide 3738?
True
Does 27 divide 174?
False
Is 20 a factor of 1746?
False
Is 41 a factor of 2583?
True
Is 280 a multiple of 70?
True
Is 512 a multiple of 8?
True
Does 99 divide 1386?
True
Is 5204 a multiple of 97?
False
Is 18 a factor of 30618?
True
Is 14 a factor of 221?
False
Is 21 a factor of 31689?
True
Is 11696 a multiple of 16?
True
Is 29306 a multiple of 10?
False
Is 84 a factor of 1260?
True
Is 65 a factor of 1105?
True
Does 6 divide 157?
False
Is 38 a factor of 10602?
True
Is 10 a factor of 28345?
False
Is 87387 a multiple of 16?
False
Does 12 divide 144048?
True
Is 136 a factor of 91243?
False
Is 3345 a multiple of 11?
False
Does 40 divide 3880?
True
Is 1275 a multiple of 23?
False
Is 22 a factor of 33852?
False
Does 9 divide 70?
False
Is 125 a multiple of 4?
False
Is 60 a multiple of 8?
False
Is 5 a factor of 23?
False
Is 6 a factor of 5660?
False
Is 33 a factor of 1881?
True
Is 339 a multiple of 3?
True
Does 3 divide 1103?
False
Does 12 divide 12231?
False
Is 22 a factor of 2350?
False
Does 11 divide 50582?
False
Is 1555 a multiple of 8?
False
Does 14 divide 263?
False
Does 9 divide 27311?
False
Is 10523 a multiple of 16?
False
Is 10 a factor of 11415?
False
Is 38 a factor of 532?
True
Does 8 divide 2464?
True
Is 53 a factor of 1476?
False
Is 28934 a multiple of 47?
False
Is 371 a multiple of 112?
False
Is 804 a multiple of 12?
True
Is 2 a factor of 1158?
True
Does 11 divide 12762?
False
Is 14 a factor of 417?
False
Is 270 a multiple of 18?
True
Does 14 divide 181?
False
Does 121 divide 1698?
False
Does 11 divide 748?
True
Is 4 a factor of 8?
True
Does 15 divide 6255?
True
Is 95385 a multiple of 237?
False
Is 8 a factor of 11200?
True
Does 18 divide 900?
True
Is 19 a factor of 2223?
True
Is 38 a factor of 608?
True
Does 12 divide 134361?
False
Is 2 a factor of 516?
True
Is 4 a factor of 1239?
False
Does 15 divide 17032?
False
Is 2825 a multiple of 113?
True
Is 17 a factor of 7193?
False
Is 58 a factor of 116?
True
Is 96 a multiple of 12?
True
Is 30800 a multiple of 78?
False
Is 19 a factor of 6149?
False
Is 15 a factor of 12045?
True
Is 32 a factor of 544?
True
Does 32 divide 822?
False
Is 3960 a multiple of 132?
True
Is 1054 a multiple of 34?
True
Does 32 divide 48041?
False
Is 8315 a multiple of 17?
False
Is 70571 a multiple of 34?
False
Is 3 a factor of 22539?
True
Is 1344 a multiple of 53?
False
Does 83 divide 38927?
True
Is 21 a factor of 1192?
False
Is 9108 a multiple of 18?
True
Is 4530 a multiple of 15?
True
Does 2 divide 61?
False
Is 4 a factor of 584?
True
Is 15 a factor of 2730?
True
Does 48 divide 114048?
True
Is 742 a multiple of 15?
False
Is 34 a factor of 680?
True
Is 2784 a multiple of 96?
True
Is 207 a factor of 23598?
True
Is 44676 a multiple of 204?
True
Does 22 divide 721?
False
Does 17 divide 765?
True
Does 23 divide 1356?
False
Is 3888 a multiple of 81?
True
Is 31 a factor of 15035?
True
Does 8 divide 169?
False
Is 200 a multiple of 5?
True
Is 20200 a multiple of 40?
True
Is 19809 a multiple of 31?
True
Does 71 divide 17948?
False
Is 246 a multiple of 9?
False
Is 414 a multiple of 23?
True
Is 13721 a multiple of 156?
False
Is 49 a factor of 79723?
True
Is 9 a factor of 4140?
True
Is 21 a factor of 2331?
True
Is 4108 a multiple of 18?
False
Is 6874 a multiple of 90?
False
Is 13 a factor of 37156?
False
Does 6 divide 502?
False
Does 21 divide 2034?
False
Is 4 a factor of 680?
True
Is 2772 a multiple of 66?
True
Does 21 divide 19830?
False
Is 522 a multiple of 4?
False
Is 2668 a multiple of 2?
True
Does 50 divide 1799?
False
Does 151 divide 4334?
False
Is 35 a factor of 560?
True
Is 1139 a multiple of 17?
True
Is 3043 a multiple of 10?
False
Does 13 divide 1560?
True
Does 180 divide 63276?
False
Is 10431 a multiple of 20?
False
Is 22 a factor of 880?
True
Does 5 divide 1280?
True
Does 145 divide 18503?
False
Is 1220 a multiple of 6?
False
Does 229 divide 15166?
False
Is 12 a factor of 109?
False
Is 24 a factor of 16175?
False
Is 465 a multiple of 15?
True
Is 1851 a multiple of 112?
False
Does 23 divide 8027?
True
Does 26 divide 78?
True
Is 119 a multiple of 15?
False
Is 7576 a multiple of 4?
True
Is 410 a multiple of 5?
True
Does 14 divide 1243?
False
Does 6 divide 321?
False
Does 42 divide 9576?
True
Does 18 divide 774?
True
Is 118 even?
True
Is 6645 a multiple of 68?
False
Is 11 a factor of 319?
True
Does 15 divide 1035?
True
Is 17123 a multiple of 10?
False
Does 46 divide 1059?
Fal